{"id":10,"date":"2024-03-17T17:02:56","date_gmt":"2024-03-17T16:02:56","guid":{"rendered":"https:\/\/mielmalaki.com\/?page_id=10"},"modified":"2024-04-01T20:14:44","modified_gmt":"2024-04-01T18:14:44","slug":"refund_returns","status":"publish","type":"page","link":"https:\/\/mielmalaki.com\/index.php\/refund_returns\/","title":{"rendered":"Politique de Remboursement"},"content":{"rendered":"\t\t<div data-elementor-type=\"wp-page\" data-elementor-id=\"10\" class=\"elementor elementor-10\">\n\t\t\t\t<div class=\"elementor-element elementor-element-78821ea6 e-flex e-con-boxed e-con e-parent\" data-id=\"78821ea6\" data-element_type=\"container\" data-e-type=\"container\">\n\t\t\t\t\t<div class=\"e-con-inner\">\n\t\t\t\t<div class=\"elementor-element elementor-element-156746ab elementor-widget elementor-widget-text-editor\" data-id=\"156746ab\" data-element_type=\"widget\" data-e-type=\"widget\" data-widget_type=\"text-editor.default\">\n\t\t\t\t<div class=\"elementor-widget-container\">\n\t\t\t\t\t\t\t\t\t<p><strong>Politique de Remboursement :<\/strong><\/p>\n<p>Nous nous engageons \u00e0 vous fournir des produits de la plus haute qualit\u00e9 et nous esp\u00e9rons que vous serez enti\u00e8rement satisfait de votre achat de miel sur notre site web. Toutefois, si vous rencontrez un probl\u00e8me avec votre commande, veuillez lire attentivement notre politique de remboursement ci-dessous :<\/p>\n<ol>\n<li>\n<p>Produits d\u00e9fectueux ou endommag\u00e9s : Si vous recevez un produit d\u00e9fectueux ou endommag\u00e9, veuillez nous contacter dans les 7 jours suivant la r\u00e9ception de votre commande. Nous serons heureux de remplacer le produit d\u00e9fectueux ou de vous rembourser int\u00e9gralement.<\/p>\n<\/li>\n<li>\n<p>Annulation de commande : Si vous souhaitez annuler votre commande avant son exp\u00e9dition, veuillez nous contacter d\u00e8s que possible. Une fois que la commande a \u00e9t\u00e9 exp\u00e9di\u00e9e, nous ne pouvons plus l&#8217;annuler et vous devrez suivre la proc\u00e9dure de retour.<\/p>\n<\/li>\n<li>\n<p>Retours et remboursements : Nous acceptons les retours dans les 14 jours suivant la r\u00e9ception de votre commande, \u00e0 condition que les produits soient dans leur \u00e9tat d&#8217;origine et non ouverts. Les frais de retour sont \u00e0 la charge du client, sauf en cas de produit d\u00e9fectueux ou endommag\u00e9.<\/p>\n<\/li>\n<\/ol>\n<p>Veuillez noter que nous ne pouvons pas accepter les retours de produits ouverts pour des raisons d&#8217;hygi\u00e8ne et de s\u00e9curit\u00e9 alimentaire.<\/p>\n<p>Pour demander un remboursement ou un \u00e9change, veuillez nous contacter \u00e0 l&#8217;adresse e-mail suivante : contact@mielmalaki.com<\/p>\n<p>Nous nous engageons \u00e0 r\u00e9soudre tout probl\u00e8me rapidement et efficacement afin de garantir votre satisfaction totale.<\/p>\n<p>Merci de votre confiance et de votre soutien continu.<\/p>\n<p>L&#8217;\u00e9quipe Miel Malaki<\/p>\t\t\t\t\t\t\t\t<\/div>\n\t\t\t\t<\/div>\n\t\t\t\t\t<\/div>\n\t\t\t\t<\/div>\n\t\t\t\t<\/div>\n\t\t","protected":false},"excerpt":{"rendered":"<p>Politique de Remboursement : Nous nous engageons \u00e0 vous fournir des produits de la plus haute qualit\u00e9 et nous esp\u00e9rons que vous serez enti\u00e8rement satisfait de votre achat de miel sur notre site web. Toutefois, si vous rencontrez un probl\u00e8me avec votre commande, veuillez lire attentivement notre politique de remboursement ci-dessous : Produits d\u00e9fectueux ou [&hellip;]<\/p>\n","protected":false},"author":1,"featured_media":0,"parent":0,"menu_order":0,"comment_status":"closed","ping_status":"closed","template":"","meta":{"_monsterinsights_skip_tracking":false,"_monsterinsights_sitenote_active":false,"_monsterinsights_sitenote_note":"","_monsterinsights_sitenote_category":0,"footnotes":""},"class_list":["post-10","page","type-page","status-publish","hentry","entry","owp-thumbs-layout-horizontal","owp-btn-normal","owp-tabs-layout-horizontal","has-no-thumbnails","has-product-nav"],"yoast_head":"<!-- This site is optimized with the Yoast SEO plugin v27.4 - https:\/\/yoast.com\/product\/yoast-seo-wordpress\/ -->\n<title>Politique de Remboursement - mielmalaki.com<\/title>\n<meta name=\"robots\" content=\"index, follow, max-snippet:-1, max-image-preview:large, max-video-preview:-1\" \/>\n<link rel=\"canonical\" href=\"https:\/\/mielmalaki.com\/index.php\/refund_returns\/\" \/>\n<meta property=\"og:locale\" content=\"en_US\" \/>\n<meta property=\"og:type\" content=\"article\" \/>\n<meta property=\"og:title\" content=\"Politique de Remboursement - mielmalaki.com\" \/>\n<meta property=\"og:description\" content=\"Politique de Remboursement : Nous nous engageons \u00e0 vous fournir des produits de la plus haute qualit\u00e9 et nous esp\u00e9rons que vous serez enti\u00e8rement satisfait de votre achat de miel sur notre site web. Toutefois, si vous rencontrez un probl\u00e8me avec votre commande, veuillez lire attentivement notre politique de remboursement ci-dessous : Produits d\u00e9fectueux ou [&hellip;]\" \/>\n<meta property=\"og:url\" content=\"https:\/\/mielmalaki.com\/index.php\/refund_returns\/\" \/>\n<meta property=\"og:site_name\" content=\"mielmalaki.com\" \/>\n<meta property=\"article:modified_time\" content=\"2024-04-01T18:14:44+00:00\" \/>\n<meta name=\"twitter:card\" content=\"summary_large_image\" \/>\n<meta name=\"twitter:label1\" content=\"Est. reading time\" \/>\n\t<meta name=\"twitter:data1\" content=\"2 minutes\" \/>\n<script type=\"application\/ld+json\" class=\"yoast-schema-graph\">{\"@context\":\"https:\\\/\\\/schema.org\",\"@graph\":[{\"@type\":\"WebPage\",\"@id\":\"https:\\\/\\\/mielmalaki.com\\\/index.php\\\/refund_returns\\\/\",\"url\":\"https:\\\/\\\/mielmalaki.com\\\/index.php\\\/refund_returns\\\/\",\"name\":\"Politique de Remboursement - mielmalaki.com\",\"isPartOf\":{\"@id\":\"https:\\\/\\\/mielmalaki.com\\\/#website\"},\"datePublished\":\"2024-03-17T16:02:56+00:00\",\"dateModified\":\"2024-04-01T18:14:44+00:00\",\"breadcrumb\":{\"@id\":\"https:\\\/\\\/mielmalaki.com\\\/index.php\\\/refund_returns\\\/#breadcrumb\"},\"inLanguage\":\"en-US\",\"potentialAction\":[{\"@type\":\"ReadAction\",\"target\":[\"https:\\\/\\\/mielmalaki.com\\\/index.php\\\/refund_returns\\\/\"]}]},{\"@type\":\"BreadcrumbList\",\"@id\":\"https:\\\/\\\/mielmalaki.com\\\/index.php\\\/refund_returns\\\/#breadcrumb\",\"itemListElement\":[{\"@type\":\"ListItem\",\"position\":1,\"name\":\"Accueil\",\"item\":\"https:\\\/\\\/mielmalaki.com\\\/\"},{\"@type\":\"ListItem\",\"position\":2,\"name\":\"Politique de Remboursement\"}]},{\"@type\":\"WebSite\",\"@id\":\"https:\\\/\\\/mielmalaki.com\\\/#website\",\"url\":\"https:\\\/\\\/mielmalaki.com\\\/\",\"name\":\"mielmalaki.com\",\"description\":\"\",\"publisher\":{\"@id\":\"https:\\\/\\\/mielmalaki.com\\\/#organization\"},\"potentialAction\":[{\"@type\":\"SearchAction\",\"target\":{\"@type\":\"EntryPoint\",\"urlTemplate\":\"https:\\\/\\\/mielmalaki.com\\\/?s={search_term_string}\"},\"query-input\":{\"@type\":\"PropertyValueSpecification\",\"valueRequired\":true,\"valueName\":\"search_term_string\"}}],\"inLanguage\":\"en-US\"},{\"@type\":\"Organization\",\"@id\":\"https:\\\/\\\/mielmalaki.com\\\/#organization\",\"name\":\"mielmalaki.com\",\"url\":\"https:\\\/\\\/mielmalaki.com\\\/\",\"logo\":{\"@type\":\"ImageObject\",\"inLanguage\":\"en-US\",\"@id\":\"https:\\\/\\\/mielmalaki.com\\\/#\\\/schema\\\/logo\\\/image\\\/\",\"url\":\"https:\\\/\\\/mielmalaki.com\\\/wp-content\\\/uploads\\\/2024\\\/06\\\/cropped-logo-miel-2.png\",\"contentUrl\":\"https:\\\/\\\/mielmalaki.com\\\/wp-content\\\/uploads\\\/2024\\\/06\\\/cropped-logo-miel-2.png\",\"width\":637,\"height\":281,\"caption\":\"mielmalaki.com\"},\"image\":{\"@id\":\"https:\\\/\\\/mielmalaki.com\\\/#\\\/schema\\\/logo\\\/image\\\/\"}}]}<\/script>\n<!-- \/ Yoast SEO plugin. -->","yoast_head_json":{"title":"Politique de Remboursement - mielmalaki.com","robots":{"index":"index","follow":"follow","max-snippet":"max-snippet:-1","max-image-preview":"max-image-preview:large","max-video-preview":"max-video-preview:-1"},"canonical":"https:\/\/mielmalaki.com\/index.php\/refund_returns\/","og_locale":"en_US","og_type":"article","og_title":"Politique de Remboursement - mielmalaki.com","og_description":"Politique de Remboursement : Nous nous engageons \u00e0 vous fournir des produits de la plus haute qualit\u00e9 et nous esp\u00e9rons que vous serez enti\u00e8rement satisfait de votre achat de miel sur notre site web. Toutefois, si vous rencontrez un probl\u00e8me avec votre commande, veuillez lire attentivement notre politique de remboursement ci-dessous : Produits d\u00e9fectueux ou [&hellip;]","og_url":"https:\/\/mielmalaki.com\/index.php\/refund_returns\/","og_site_name":"mielmalaki.com","article_modified_time":"2024-04-01T18:14:44+00:00","twitter_card":"summary_large_image","twitter_misc":{"Est. reading time":"2 minutes"},"schema":{"@context":"https:\/\/schema.org","@graph":[{"@type":"WebPage","@id":"https:\/\/mielmalaki.com\/index.php\/refund_returns\/","url":"https:\/\/mielmalaki.com\/index.php\/refund_returns\/","name":"Politique de Remboursement - mielmalaki.com","isPartOf":{"@id":"https:\/\/mielmalaki.com\/#website"},"datePublished":"2024-03-17T16:02:56+00:00","dateModified":"2024-04-01T18:14:44+00:00","breadcrumb":{"@id":"https:\/\/mielmalaki.com\/index.php\/refund_returns\/#breadcrumb"},"inLanguage":"en-US","potentialAction":[{"@type":"ReadAction","target":["https:\/\/mielmalaki.com\/index.php\/refund_returns\/"]}]},{"@type":"BreadcrumbList","@id":"https:\/\/mielmalaki.com\/index.php\/refund_returns\/#breadcrumb","itemListElement":[{"@type":"ListItem","position":1,"name":"Accueil","item":"https:\/\/mielmalaki.com\/"},{"@type":"ListItem","position":2,"name":"Politique de Remboursement"}]},{"@type":"WebSite","@id":"https:\/\/mielmalaki.com\/#website","url":"https:\/\/mielmalaki.com\/","name":"mielmalaki.com","description":"","publisher":{"@id":"https:\/\/mielmalaki.com\/#organization"},"potentialAction":[{"@type":"SearchAction","target":{"@type":"EntryPoint","urlTemplate":"https:\/\/mielmalaki.com\/?s={search_term_string}"},"query-input":{"@type":"PropertyValueSpecification","valueRequired":true,"valueName":"search_term_string"}}],"inLanguage":"en-US"},{"@type":"Organization","@id":"https:\/\/mielmalaki.com\/#organization","name":"mielmalaki.com","url":"https:\/\/mielmalaki.com\/","logo":{"@type":"ImageObject","inLanguage":"en-US","@id":"https:\/\/mielmalaki.com\/#\/schema\/logo\/image\/","url":"https:\/\/mielmalaki.com\/wp-content\/uploads\/2024\/06\/cropped-logo-miel-2.png","contentUrl":"https:\/\/mielmalaki.com\/wp-content\/uploads\/2024\/06\/cropped-logo-miel-2.png","width":637,"height":281,"caption":"mielmalaki.com"},"image":{"@id":"https:\/\/mielmalaki.com\/#\/schema\/logo\/image\/"}}]}},"jetpack_sharing_enabled":true,"_links":{"self":[{"href":"https:\/\/mielmalaki.com\/index.php\/wp-json\/wp\/v2\/pages\/10","targetHints":{"allow":["GET"]}}],"collection":[{"href":"https:\/\/mielmalaki.com\/index.php\/wp-json\/wp\/v2\/pages"}],"about":[{"href":"https:\/\/mielmalaki.com\/index.php\/wp-json\/wp\/v2\/types\/page"}],"author":[{"embeddable":true,"href":"https:\/\/mielmalaki.com\/index.php\/wp-json\/wp\/v2\/users\/1"}],"replies":[{"embeddable":true,"href":"https:\/\/mielmalaki.com\/index.php\/wp-json\/wp\/v2\/comments?post=10"}],"version-history":[{"count":4,"href":"https:\/\/mielmalaki.com\/index.php\/wp-json\/wp\/v2\/pages\/10\/revisions"}],"predecessor-version":[{"id":199,"href":"https:\/\/mielmalaki.com\/index.php\/wp-json\/wp\/v2\/pages\/10\/revisions\/199"}],"wp:attachment":[{"href":"https:\/\/mielmalaki.com\/index.php\/wp-json\/wp\/v2\/media?parent=10"}],"curies":[{"name":"wp","href":"https:\/\/api.w.org\/{rel}","templated":true}]}}