{"id":69,"date":"2024-03-10T23:51:33","date_gmt":"2024-03-10T22:51:33","guid":{"rendered":"https:\/\/mielmalaki.com\/index.php\/our-story\/"},"modified":"2024-06-11T21:52:45","modified_gmt":"2024-06-11T19:52:45","slug":"our-story","status":"publish","type":"page","link":"https:\/\/mielmalaki.com\/index.php\/our-story\/","title":{"rendered":"\u00c0 propos de nous"},"content":{"rendered":"\t\t<div data-elementor-type=\"wp-page\" data-elementor-id=\"69\" class=\"elementor elementor-69\">\n\t\t\t\t<div class=\"elementor-element elementor-element-47a8853c e-con-full e-flex e-con e-parent\" data-id=\"47a8853c\" data-element_type=\"container\" data-e-type=\"container\">\n\t\t<div class=\"elementor-element elementor-element-17565af1 e-con-full e-flex e-con e-child\" data-id=\"17565af1\" data-element_type=\"container\" data-e-type=\"container\" data-settings=\"{&quot;background_background&quot;:&quot;classic&quot;}\">\n\t\t\t\t<div class=\"elementor-element elementor-element-b12352d elementor-widget elementor-widget-image\" data-id=\"b12352d\" data-element_type=\"widget\" data-e-type=\"widget\" data-widget_type=\"image.default\">\n\t\t\t\t<div class=\"elementor-widget-container\">\n\t\t\t\t\t\t\t\t\t\t\t\t\t\t\t<img decoding=\"async\" src=\"https:\/\/mielmalaki.com\/wp-content\/uploads\/elementor\/thumbs\/animals-pchela-nasekomoe-tsvetok-tsvetenie-makro-50472-scaled-qpin608crvs7pxuqm9gmugu2f3a5rpyn2zznlzcrq0.jpeg\" title=\"animals-pchela-nasekomoe-tsvetok-tsvetenie-makro-50472\" alt=\"animals-pchela-nasekomoe-tsvetok-tsvetenie-makro-50472\" loading=\"lazy\" \/>\t\t\t\t\t\t\t\t\t\t\t\t\t\t\t<\/div>\n\t\t\t\t<\/div>\n\t\t\t\t<\/div>\n\t\t<div class=\"elementor-element elementor-element-8734fb e-con-full e-flex e-con e-child\" data-id=\"8734fb\" data-element_type=\"container\" data-e-type=\"container\">\n\t\t\t\t<div class=\"elementor-element elementor-element-3fd0410 elementor-widget elementor-widget-heading\" data-id=\"3fd0410\" data-element_type=\"widget\" data-e-type=\"widget\" data-widget_type=\"heading.default\">\n\t\t\t\t<div class=\"elementor-widget-container\">\n\t\t\t\t\t<h1 class=\"elementor-heading-title elementor-size-default\">Origines<\/h1>\t\t\t\t<\/div>\n\t\t\t\t<\/div>\n\t\t\t\t<div class=\"elementor-element elementor-element-662ba29b elementor-invisible elementor-widget elementor-widget-text-editor\" data-id=\"662ba29b\" data-element_type=\"widget\" data-e-type=\"widget\" data-settings=\"{&quot;_animation&quot;:&quot;fadeIn&quot;,&quot;_animation_delay&quot;:400}\" data-widget_type=\"text-editor.default\">\n\t\t\t\t<div class=\"elementor-widget-container\">\n\t\t\t\t\t\t\t\t\t<p>Bienvenue chez MIEL MALAKI, o\u00f9 chaque goutte de miel raconte une histoire de\u00a0<span style=\"font-size: 16px; color: var( --e-global-color-text ); letter-spacing: var( --e-global-typography-text-letter-spacing ); text-transform: var( --e-global-typography-text-text-transform ); text-align: var(--text-align); background-color: var( --e-global-color-c696dce );\">passion, de tradition et de bien-\u00eatre.<\/span><\/p><p>L&#8217;aventure avec les abeilles et le miel a commenc\u00e9 d\u00e8s l&#8217;enfance, dans le jardin\u00a0<span style=\"font-size: 16px; color: var( --e-global-color-text ); letter-spacing: var( --e-global-typography-text-letter-spacing ); text-transform: var( --e-global-typography-text-text-transform ); text-align: var(--text-align); background-color: var( --e-global-color-c696dce );\">familial. Passer des heures \u00e0 observer les abeilles butiner de fleur en fleur, captiv\u00e9\u00a0<\/span><span style=\"font-size: 16px; color: var( --e-global-color-text ); letter-spacing: var( --e-global-typography-text-letter-spacing ); text-transform: var( --e-global-typography-text-text-transform ); text-align: var(--text-align); background-color: var( --e-global-color-c696dce );\">par leur danse harmonieuse et leur d\u00e9vouement \u00e0 la ruche, a r\u00e9v\u00e9l\u00e9 la magie de la\u00a0<\/span><span style=\"font-size: 16px; color: var( --e-global-color-text ); letter-spacing: var( --e-global-typography-text-letter-spacing ); text-transform: var( --e-global-typography-text-text-transform ); text-align: var(--text-align); background-color: var( --e-global-color-c696dce );\">nature et la puissance des produits de la ruche.<\/span><\/p><p>Avec le temps, cette fascination s&#8217;est transform\u00e9e en passion. Les voyages \u00e0 travers\u00a0<span style=\"font-size: 16px; color: var( --e-global-color-text ); letter-spacing: var( --e-global-typography-text-letter-spacing ); text-transform: var( --e-global-typography-text-text-transform ); text-align: var(--text-align); background-color: var( --e-global-color-c696dce );\">les campagnes, les rencontres avec des apiculteurs d\u00e9vou\u00e9s et l&#8217;apprentissage des\u00a0<\/span><span style=\"font-size: 16px; color: var( --e-global-color-text ); letter-spacing: var( --e-global-typography-text-letter-spacing ); text-transform: var( --e-global-typography-text-text-transform ); text-align: var(--text-align); background-color: var( --e-global-color-c696dce );\">secrets de l&#8217;apiculture traditionnelle ont renforc\u00e9 la conviction que le miel est bien\u00a0<\/span><span style=\"font-size: 16px; color: var( --e-global-color-text ); letter-spacing: var( --e-global-typography-text-letter-spacing ); text-transform: var( --e-global-typography-text-text-transform ); text-align: var(--text-align); background-color: var( --e-global-color-c696dce );\">plus qu&#8217;un simple \u00e9dulcorant naturel. C&#8217;est un \u00e9lixir de vie, un concentr\u00e9 de bien-\u00eatre\u00a0<\/span><span style=\"font-size: 16px; color: var( --e-global-color-text ); letter-spacing: var( --e-global-typography-text-letter-spacing ); text-transform: var( --e-global-typography-text-text-transform ); text-align: var(--text-align); background-color: var( --e-global-color-c696dce );\">aux vertus innombrables.<\/span><\/p>\t\t\t\t\t\t\t\t<\/div>\n\t\t\t\t<\/div>\n\t\t\t\t<\/div>\n\t\t\t\t<\/div>\n\t\t<div class=\"elementor-element elementor-element-d55877d e-flex e-con-boxed e-con e-parent\" data-id=\"d55877d\" data-element_type=\"container\" data-e-type=\"container\">\n\t\t\t\t\t<div class=\"e-con-inner\">\n\t\t\t\t\t<\/div>\n\t\t\t\t<\/div>\n\t\t<div class=\"elementor-element elementor-element-243b162b e-con-full e-flex e-con e-parent\" data-id=\"243b162b\" data-element_type=\"container\" data-e-type=\"container\">\n\t\t<div class=\"elementor-element elementor-element-46fd6c19 e-con-full e-flex e-con e-child\" data-id=\"46fd6c19\" data-element_type=\"container\" data-e-type=\"container\">\n\t\t\t\t<div class=\"elementor-element elementor-element-642346c5 elementor-widget elementor-widget-heading\" data-id=\"642346c5\" data-element_type=\"widget\" data-e-type=\"widget\" data-widget_type=\"heading.default\">\n\t\t\t\t<div class=\"elementor-widget-container\">\n\t\t\t\t\t<h2 class=\"elementor-heading-title elementor-size-default\">Notre Mission<\/h2>\t\t\t\t<\/div>\n\t\t\t\t<\/div>\n\t\t\t\t<div class=\"elementor-element elementor-element-14575f6a elementor-widget__width-initial elementor-widget-mobile__width-inherit elementor-widget elementor-widget-text-editor\" data-id=\"14575f6a\" data-element_type=\"widget\" data-e-type=\"widget\" data-widget_type=\"text-editor.default\">\n\t\t\t\t<div class=\"elementor-widget-container\">\n\t\t\t\t\t\t\t\t\t<p>Chez MIEL MALAK I&#8217;engagement est d&#8217;offrir le meilleur du miel et des produits de la\u00a0<span style=\"font-size: 16px; color: var( --e-global-color-text ); letter-spacing: var( --e-global-typography-text-letter-spacing ); text-transform: var( --e-global-typography-text-text-transform ); text-align: var(--text-align); background-color: var( --e-global-color-c696dce );\">ruche. Des pratiques apicoles durables et \u00e9thiques sont respect\u00e9es, en veillant \u00e0 la\u00a0<\/span><span style=\"font-size: 16px; color: var( --e-global-color-text ); letter-spacing: var( --e-global-typography-text-letter-spacing ); text-transform: var( --e-global-typography-text-text-transform ); text-align: var(--text-align); background-color: var( --e-global-color-c696dce );\">sant\u00e9 et au bien-\u00eatre des abeilles. Le miel est r\u00e9colt\u00e9 avec soin, extrait \u00e0 froid pour\u00a0<\/span><span style=\"font-size: 16px; color: var( --e-global-color-text ); letter-spacing: var( --e-global-typography-text-letter-spacing ); text-transform: var( --e-global-typography-text-text-transform ); text-align: var(--text-align); background-color: var( --e-global-color-c696dce );\">pr\u00e9server toutes ses propri\u00e9t\u00e9s b\u00e9n\u00e9fiques, et emball\u00e9 avec amour.<\/span><\/p><p>La gamme de produits comprend des miels de diff\u00e9rentes fleurs, chacun avec ses\u00a0<span style=\"font-size: 16px; color: var( --e-global-color-text ); letter-spacing: var( --e-global-typography-text-letter-spacing ); text-transform: var( --e-global-typography-text-text-transform ); text-align: var(--text-align); background-color: var( --e-global-color-c696dce );\">propres saveurs et bienfaits uniques, ainsi que des produits d\u00e9riv\u00e9s de la ruche\u00a0<\/span><span style=\"font-size: 16px; color: var( --e-global-color-text ); letter-spacing: var( --e-global-typography-text-letter-spacing ); text-transform: var( --e-global-typography-text-text-transform ); text-align: var(--text-align); background-color: var( --e-global-color-c696dce );\">comme la propolis, le pollen et la gel\u00e9e royale. Chacun de ces tr\u00e9sors est le fruit<\/span><\/p>\t\t\t\t\t\t\t\t<\/div>\n\t\t\t\t<\/div>\n\t\t\t\t<\/div>\n\t\t<div class=\"elementor-element elementor-element-e1c9ce9 e-con-full e-flex e-con e-child\" data-id=\"e1c9ce9\" data-element_type=\"container\" data-e-type=\"container\" data-settings=\"{&quot;background_background&quot;:&quot;classic&quot;}\">\n\t\t\t\t<div class=\"elementor-element elementor-element-1105a178 elementor-widget elementor-widget-image\" data-id=\"1105a178\" data-element_type=\"widget\" data-e-type=\"widget\" data-widget_type=\"image.default\">\n\t\t\t\t<div class=\"elementor-widget-container\">\n\t\t\t\t\t\t\t\t\t\t\t\t\t\t\t<img fetchpriority=\"high\" decoding=\"async\" width=\"1320\" height=\"1002\" src=\"https:\/\/mielmalaki.com\/wp-content\/uploads\/2024\/04\/pexels-egor-kamelev-1101191-1320x1002.jpg\" class=\"attachment-mailpoet_newsletter_max size-mailpoet_newsletter_max wp-image-180\" alt=\"\" srcset=\"https:\/\/mielmalaki.com\/wp-content\/uploads\/2024\/04\/pexels-egor-kamelev-1101191-1320x1002.jpg 1320w, https:\/\/mielmalaki.com\/wp-content\/uploads\/2024\/04\/pexels-egor-kamelev-1101191-300x228.jpg 300w, https:\/\/mielmalaki.com\/wp-content\/uploads\/2024\/04\/pexels-egor-kamelev-1101191-1024x777.jpg 1024w, https:\/\/mielmalaki.com\/wp-content\/uploads\/2024\/04\/pexels-egor-kamelev-1101191-768x583.jpg 768w, https:\/\/mielmalaki.com\/wp-content\/uploads\/2024\/04\/pexels-egor-kamelev-1101191-1536x1166.jpg 1536w, https:\/\/mielmalaki.com\/wp-content\/uploads\/2024\/04\/pexels-egor-kamelev-1101191-2048x1554.jpg 2048w, https:\/\/mielmalaki.com\/wp-content\/uploads\/2024\/04\/pexels-egor-kamelev-1101191-600x455.jpg 600w\" sizes=\"(max-width: 1320px) 100vw, 1320px\" \/>\t\t\t\t\t\t\t\t\t\t\t\t\t\t\t<\/div>\n\t\t\t\t<\/div>\n\t\t\t\t<div class=\"elementor-element elementor-element-56eb71d6 elementor-widget elementor-widget-image\" data-id=\"56eb71d6\" data-element_type=\"widget\" data-e-type=\"widget\" data-widget_type=\"image.default\">\n\t\t\t\t<div class=\"elementor-widget-container\">\n\t\t\t\t\t\t\t\t\t\t\t\t\t\t\t<img decoding=\"async\" width=\"612\" height=\"408\" src=\"https:\/\/mielmalaki.com\/wp-content\/uploads\/2024\/04\/gettyimages-539684903-612x612-1.jpg\" class=\"attachment-full size-full wp-image-182\" alt=\"\" srcset=\"https:\/\/mielmalaki.com\/wp-content\/uploads\/2024\/04\/gettyimages-539684903-612x612-1.jpg 612w, https:\/\/mielmalaki.com\/wp-content\/uploads\/2024\/04\/gettyimages-539684903-612x612-1-300x200.jpg 300w, https:\/\/mielmalaki.com\/wp-content\/uploads\/2024\/04\/gettyimages-539684903-612x612-1-600x400.jpg 600w\" sizes=\"(max-width: 612px) 100vw, 612px\" \/>\t\t\t\t\t\t\t\t\t\t\t\t\t\t\t<\/div>\n\t\t\t\t<\/div>\n\t\t\t\t<\/div>\n\t\t\t\t<\/div>\n\t\t<div class=\"elementor-element elementor-element-de6fe67 e-flex e-con-boxed e-con e-parent\" data-id=\"de6fe67\" data-element_type=\"container\" data-e-type=\"container\">\n\t\t\t\t\t<div class=\"e-con-inner\">\n\t\t\t\t<div class=\"elementor-element elementor-element-cea3274 elementor-widget elementor-widget-text-editor\" data-id=\"cea3274\" data-element_type=\"widget\" data-e-type=\"widget\" data-widget_type=\"text-editor.default\">\n\t\t\t\t<div class=\"elementor-widget-container\">\n\t\t\t\t\t\t\t\t\t<p>Mais MIEL MALAKI, c&#8217;est avant tout une histoire humaine. Une histoire de passion, de d\u00e9vouement et de respect pour la nature. La croyance ferme est que chaque pot de miel offert est un pont entre vous et la nature, une invitation \u00e0 d\u00e9couvrir et \u00e0<br \/>appr\u00e9cier les merveilles de la ruche.<br \/>Rejoignez-nous dans cette aventure douce et enrichissante. Laissez-vous s\u00e9duire par la richesse des saveurs, par la puret\u00e9 et par les bienfaits incomparables des produits. Ensemble, c\u00e9l\u00e9brons la beaut\u00e9 et la magie du miel.<\/p><p><br \/>MIEL MALAKI &#8211; Parce que le bien-\u00eatre commence par la nature.<\/p>\t\t\t\t\t\t\t\t<\/div>\n\t\t\t\t<\/div>\n\t\t\t\t\t<\/div>\n\t\t\t\t<\/div>\n\t\t<div class=\"elementor-element elementor-element-1694259 e-flex e-con-boxed e-con e-parent\" data-id=\"1694259\" data-element_type=\"container\" data-e-type=\"container\">\n\t\t\t\t\t<div class=\"e-con-inner\">\n\t\t\t\t\t<\/div>\n\t\t\t\t<\/div>\n\t\t<div class=\"elementor-element elementor-element-37cda134 e-con-full e-flex e-con e-parent\" data-id=\"37cda134\" data-element_type=\"container\" data-e-type=\"container\" data-settings=\"{&quot;background_background&quot;:&quot;classic&quot;}\">\n\t\t\t\t<div class=\"elementor-element elementor-element-5036cb9 elementor-widget__width-initial elementor-widget-tablet__width-inherit elementor-widget elementor-widget-call-to-action\" data-id=\"5036cb9\" data-element_type=\"widget\" data-e-type=\"widget\" data-widget_type=\"call-to-action.default\">\n\t\t\t\t<div class=\"elementor-widget-container\">\n\t\t\t\t\t \t\t\t\t<\/div>\n\t\t\t\t<\/div>\n\t\t\t\t<\/div>\n\t\t\t\t<\/div>\n\t\t","protected":false},"excerpt":{"rendered":"<p>Origines Bienvenue chez MIEL MALAKI, o\u00f9 chaque goutte de miel raconte une histoire de\u00a0passion, de tradition et de bien-\u00eatre. L&#8217;aventure avec les abeilles et le miel a commenc\u00e9 d\u00e8s l&#8217;enfance, dans le jardin\u00a0familial. Passer des heures \u00e0 observer les abeilles butiner de fleur en fleur, captiv\u00e9\u00a0par leur danse harmonieuse et leur d\u00e9vouement \u00e0 la ruche, [&hellip;]<\/p>\n","protected":false},"author":1,"featured_media":0,"parent":0,"menu_order":0,"comment_status":"closed","ping_status":"closed","template":"elementor_header_footer","meta":{"_monsterinsights_skip_tracking":false,"_monsterinsights_sitenote_active":false,"_monsterinsights_sitenote_note":"","_monsterinsights_sitenote_category":0,"footnotes":""},"class_list":["post-69","page","type-page","status-publish","hentry","entry","owp-thumbs-layout-horizontal","owp-btn-normal","owp-tabs-layout-horizontal","has-no-thumbnails","has-product-nav"],"yoast_head":"<!-- This site is optimized with the Yoast SEO plugin v27.4 - https:\/\/yoast.com\/product\/yoast-seo-wordpress\/ -->\n<title>\u00c0 propos de nous - mielmalaki.com<\/title>\n<meta name=\"robots\" content=\"index, follow, max-snippet:-1, max-image-preview:large, max-video-preview:-1\" \/>\n<link rel=\"canonical\" href=\"https:\/\/mielmalaki.com\/index.php\/our-story\/\" \/>\n<meta property=\"og:locale\" content=\"en_US\" \/>\n<meta property=\"og:type\" content=\"article\" \/>\n<meta property=\"og:title\" content=\"\u00c0 propos de nous - mielmalaki.com\" \/>\n<meta property=\"og:description\" content=\"Origines Bienvenue chez MIEL MALAKI, o\u00f9 chaque goutte de miel raconte une histoire de\u00a0passion, de tradition et de bien-\u00eatre. L&#8217;aventure avec les abeilles et le miel a commenc\u00e9 d\u00e8s l&#8217;enfance, dans le jardin\u00a0familial. Passer des heures \u00e0 observer les abeilles butiner de fleur en fleur, captiv\u00e9\u00a0par leur danse harmonieuse et leur d\u00e9vouement \u00e0 la ruche, [&hellip;]\" \/>\n<meta property=\"og:url\" content=\"https:\/\/mielmalaki.com\/index.php\/our-story\/\" \/>\n<meta property=\"og:site_name\" content=\"mielmalaki.com\" \/>\n<meta property=\"article:modified_time\" content=\"2024-06-11T19:52:45+00:00\" \/>\n<meta property=\"og:image\" content=\"https:\/\/mielmalaki.com\/wp-content\/uploads\/elementor\/thumbs\/animals-pchela-nasekomoe-tsvetok-tsvetenie-makro-50472-scaled-qpin608crvs7pxuqm9gmugu2f3a5rpyn2zznlzcrq0.jpeg\" \/>\n<meta name=\"twitter:card\" content=\"summary_large_image\" \/>\n<meta name=\"twitter:label1\" content=\"Est. reading time\" \/>\n\t<meta name=\"twitter:data1\" content=\"3 minutes\" \/>\n<script type=\"application\/ld+json\" class=\"yoast-schema-graph\">{\"@context\":\"https:\\\/\\\/schema.org\",\"@graph\":[{\"@type\":\"WebPage\",\"@id\":\"https:\\\/\\\/mielmalaki.com\\\/index.php\\\/our-story\\\/\",\"url\":\"https:\\\/\\\/mielmalaki.com\\\/index.php\\\/our-story\\\/\",\"name\":\"\u00c0 propos de nous - mielmalaki.com\",\"isPartOf\":{\"@id\":\"https:\\\/\\\/mielmalaki.com\\\/#website\"},\"primaryImageOfPage\":{\"@id\":\"https:\\\/\\\/mielmalaki.com\\\/index.php\\\/our-story\\\/#primaryimage\"},\"image\":{\"@id\":\"https:\\\/\\\/mielmalaki.com\\\/index.php\\\/our-story\\\/#primaryimage\"},\"thumbnailUrl\":\"https:\\\/\\\/mielmalaki.com\\\/wp-content\\\/uploads\\\/elementor\\\/thumbs\\\/animals-pchela-nasekomoe-tsvetok-tsvetenie-makro-50472-scaled-qpin608crvs7pxuqm9gmugu2f3a5rpyn2zznlzcrq0.jpeg\",\"datePublished\":\"2024-03-10T22:51:33+00:00\",\"dateModified\":\"2024-06-11T19:52:45+00:00\",\"breadcrumb\":{\"@id\":\"https:\\\/\\\/mielmalaki.com\\\/index.php\\\/our-story\\\/#breadcrumb\"},\"inLanguage\":\"en-US\",\"potentialAction\":[{\"@type\":\"ReadAction\",\"target\":[\"https:\\\/\\\/mielmalaki.com\\\/index.php\\\/our-story\\\/\"]}]},{\"@type\":\"ImageObject\",\"inLanguage\":\"en-US\",\"@id\":\"https:\\\/\\\/mielmalaki.com\\\/index.php\\\/our-story\\\/#primaryimage\",\"url\":\"https:\\\/\\\/mielmalaki.com\\\/wp-content\\\/uploads\\\/elementor\\\/thumbs\\\/animals-pchela-nasekomoe-tsvetok-tsvetenie-makro-50472-scaled-qpin608crvs7pxuqm9gmugu2f3a5rpyn2zznlzcrq0.jpeg\",\"contentUrl\":\"https:\\\/\\\/mielmalaki.com\\\/wp-content\\\/uploads\\\/elementor\\\/thumbs\\\/animals-pchela-nasekomoe-tsvetok-tsvetenie-makro-50472-scaled-qpin608crvs7pxuqm9gmugu2f3a5rpyn2zznlzcrq0.jpeg\"},{\"@type\":\"BreadcrumbList\",\"@id\":\"https:\\\/\\\/mielmalaki.com\\\/index.php\\\/our-story\\\/#breadcrumb\",\"itemListElement\":[{\"@type\":\"ListItem\",\"position\":1,\"name\":\"Accueil\",\"item\":\"https:\\\/\\\/mielmalaki.com\\\/\"},{\"@type\":\"ListItem\",\"position\":2,\"name\":\"\u00c0 propos de nous\"}]},{\"@type\":\"WebSite\",\"@id\":\"https:\\\/\\\/mielmalaki.com\\\/#website\",\"url\":\"https:\\\/\\\/mielmalaki.com\\\/\",\"name\":\"mielmalaki.com\",\"description\":\"\",\"publisher\":{\"@id\":\"https:\\\/\\\/mielmalaki.com\\\/#organization\"},\"potentialAction\":[{\"@type\":\"SearchAction\",\"target\":{\"@type\":\"EntryPoint\",\"urlTemplate\":\"https:\\\/\\\/mielmalaki.com\\\/?s={search_term_string}\"},\"query-input\":{\"@type\":\"PropertyValueSpecification\",\"valueRequired\":true,\"valueName\":\"search_term_string\"}}],\"inLanguage\":\"en-US\"},{\"@type\":\"Organization\",\"@id\":\"https:\\\/\\\/mielmalaki.com\\\/#organization\",\"name\":\"mielmalaki.com\",\"url\":\"https:\\\/\\\/mielmalaki.com\\\/\",\"logo\":{\"@type\":\"ImageObject\",\"inLanguage\":\"en-US\",\"@id\":\"https:\\\/\\\/mielmalaki.com\\\/#\\\/schema\\\/logo\\\/image\\\/\",\"url\":\"https:\\\/\\\/mielmalaki.com\\\/wp-content\\\/uploads\\\/2024\\\/06\\\/cropped-logo-miel-2.png\",\"contentUrl\":\"https:\\\/\\\/mielmalaki.com\\\/wp-content\\\/uploads\\\/2024\\\/06\\\/cropped-logo-miel-2.png\",\"width\":637,\"height\":281,\"caption\":\"mielmalaki.com\"},\"image\":{\"@id\":\"https:\\\/\\\/mielmalaki.com\\\/#\\\/schema\\\/logo\\\/image\\\/\"}}]}<\/script>\n<!-- \/ Yoast SEO plugin. -->","yoast_head_json":{"title":"\u00c0 propos de nous - mielmalaki.com","robots":{"index":"index","follow":"follow","max-snippet":"max-snippet:-1","max-image-preview":"max-image-preview:large","max-video-preview":"max-video-preview:-1"},"canonical":"https:\/\/mielmalaki.com\/index.php\/our-story\/","og_locale":"en_US","og_type":"article","og_title":"\u00c0 propos de nous - mielmalaki.com","og_description":"Origines Bienvenue chez MIEL MALAKI, o\u00f9 chaque goutte de miel raconte une histoire de\u00a0passion, de tradition et de bien-\u00eatre. L&#8217;aventure avec les abeilles et le miel a commenc\u00e9 d\u00e8s l&#8217;enfance, dans le jardin\u00a0familial. Passer des heures \u00e0 observer les abeilles butiner de fleur en fleur, captiv\u00e9\u00a0par leur danse harmonieuse et leur d\u00e9vouement \u00e0 la ruche, [&hellip;]","og_url":"https:\/\/mielmalaki.com\/index.php\/our-story\/","og_site_name":"mielmalaki.com","article_modified_time":"2024-06-11T19:52:45+00:00","og_image":[{"url":"https:\/\/mielmalaki.com\/wp-content\/uploads\/elementor\/thumbs\/animals-pchela-nasekomoe-tsvetok-tsvetenie-makro-50472-scaled-qpin608crvs7pxuqm9gmugu2f3a5rpyn2zznlzcrq0.jpeg","type":"","width":"","height":""}],"twitter_card":"summary_large_image","twitter_misc":{"Est. reading time":"3 minutes"},"schema":{"@context":"https:\/\/schema.org","@graph":[{"@type":"WebPage","@id":"https:\/\/mielmalaki.com\/index.php\/our-story\/","url":"https:\/\/mielmalaki.com\/index.php\/our-story\/","name":"\u00c0 propos de nous - mielmalaki.com","isPartOf":{"@id":"https:\/\/mielmalaki.com\/#website"},"primaryImageOfPage":{"@id":"https:\/\/mielmalaki.com\/index.php\/our-story\/#primaryimage"},"image":{"@id":"https:\/\/mielmalaki.com\/index.php\/our-story\/#primaryimage"},"thumbnailUrl":"https:\/\/mielmalaki.com\/wp-content\/uploads\/elementor\/thumbs\/animals-pchela-nasekomoe-tsvetok-tsvetenie-makro-50472-scaled-qpin608crvs7pxuqm9gmugu2f3a5rpyn2zznlzcrq0.jpeg","datePublished":"2024-03-10T22:51:33+00:00","dateModified":"2024-06-11T19:52:45+00:00","breadcrumb":{"@id":"https:\/\/mielmalaki.com\/index.php\/our-story\/#breadcrumb"},"inLanguage":"en-US","potentialAction":[{"@type":"ReadAction","target":["https:\/\/mielmalaki.com\/index.php\/our-story\/"]}]},{"@type":"ImageObject","inLanguage":"en-US","@id":"https:\/\/mielmalaki.com\/index.php\/our-story\/#primaryimage","url":"https:\/\/mielmalaki.com\/wp-content\/uploads\/elementor\/thumbs\/animals-pchela-nasekomoe-tsvetok-tsvetenie-makro-50472-scaled-qpin608crvs7pxuqm9gmugu2f3a5rpyn2zznlzcrq0.jpeg","contentUrl":"https:\/\/mielmalaki.com\/wp-content\/uploads\/elementor\/thumbs\/animals-pchela-nasekomoe-tsvetok-tsvetenie-makro-50472-scaled-qpin608crvs7pxuqm9gmugu2f3a5rpyn2zznlzcrq0.jpeg"},{"@type":"BreadcrumbList","@id":"https:\/\/mielmalaki.com\/index.php\/our-story\/#breadcrumb","itemListElement":[{"@type":"ListItem","position":1,"name":"Accueil","item":"https:\/\/mielmalaki.com\/"},{"@type":"ListItem","position":2,"name":"\u00c0 propos de nous"}]},{"@type":"WebSite","@id":"https:\/\/mielmalaki.com\/#website","url":"https:\/\/mielmalaki.com\/","name":"mielmalaki.com","description":"","publisher":{"@id":"https:\/\/mielmalaki.com\/#organization"},"potentialAction":[{"@type":"SearchAction","target":{"@type":"EntryPoint","urlTemplate":"https:\/\/mielmalaki.com\/?s={search_term_string}"},"query-input":{"@type":"PropertyValueSpecification","valueRequired":true,"valueName":"search_term_string"}}],"inLanguage":"en-US"},{"@type":"Organization","@id":"https:\/\/mielmalaki.com\/#organization","name":"mielmalaki.com","url":"https:\/\/mielmalaki.com\/","logo":{"@type":"ImageObject","inLanguage":"en-US","@id":"https:\/\/mielmalaki.com\/#\/schema\/logo\/image\/","url":"https:\/\/mielmalaki.com\/wp-content\/uploads\/2024\/06\/cropped-logo-miel-2.png","contentUrl":"https:\/\/mielmalaki.com\/wp-content\/uploads\/2024\/06\/cropped-logo-miel-2.png","width":637,"height":281,"caption":"mielmalaki.com"},"image":{"@id":"https:\/\/mielmalaki.com\/#\/schema\/logo\/image\/"}}]}},"jetpack_sharing_enabled":true,"_links":{"self":[{"href":"https:\/\/mielmalaki.com\/index.php\/wp-json\/wp\/v2\/pages\/69","targetHints":{"allow":["GET"]}}],"collection":[{"href":"https:\/\/mielmalaki.com\/index.php\/wp-json\/wp\/v2\/pages"}],"about":[{"href":"https:\/\/mielmalaki.com\/index.php\/wp-json\/wp\/v2\/types\/page"}],"author":[{"embeddable":true,"href":"https:\/\/mielmalaki.com\/index.php\/wp-json\/wp\/v2\/users\/1"}],"replies":[{"embeddable":true,"href":"https:\/\/mielmalaki.com\/index.php\/wp-json\/wp\/v2\/comments?post=69"}],"version-history":[{"count":11,"href":"https:\/\/mielmalaki.com\/index.php\/wp-json\/wp\/v2\/pages\/69\/revisions"}],"predecessor-version":[{"id":296,"href":"https:\/\/mielmalaki.com\/index.php\/wp-json\/wp\/v2\/pages\/69\/revisions\/296"}],"wp:attachment":[{"href":"https:\/\/mielmalaki.com\/index.php\/wp-json\/wp\/v2\/media?parent=69"}],"curies":[{"name":"wp","href":"https:\/\/api.w.org\/{rel}","templated":true}]}}